5
Let k(j) be the second derivative of j**4/12 + j**3/6 - 17*j**2 - 13*j - 7. Give k(-8).
22
Let a(x) = x**3 - 1. Suppose 2 = -y, 3*y - 4*y = 2*m. Let l(g) = -7*g**3 + g**2 - g + 8. Let t(h) = m*l(h) + 6*a(h). Determine t(0).
2
Let k(d) = 9*d + 2. Let r(b) = -10*b - 3. Let y(w) = -4*k(w) - 3*r(w). Suppose 17*u - 10*u = 3423. Let j = u - 492. Give y(j).
19
Let w(h) = -h - 15. Let r be w(-14). Let v(i) = 4. Let m(f) = -1. Let t(k) = r*v(k) - 3*m(k). Let q(p) = p. Let o(l) = -q(l) + t(l). Calculate o(6).
-7
Let n be ((-6)/15*29)/((-1)/40). Suppose 0 = n*t - 467*t - 15. Let w(x) = 8*x + 9. Let h(l) = -l - 1. Let j(b) = 14*h(b) + 2*w(b). Determine j(t).
-6
Let w(z) = z**2 - 3*z + 1. Let j be w(5). Let q = 5 - j. Let v(a) = -a**2 - 42 - 4*a - 42 + 0*a - 4*a + 77. What is v(q)?
5
Let p(z) = -101*z**2 - 17*z + 40. Let x(u) = -126*u**2 - 18*u + 41. Let q(v) = -5*p(v) + 4*x(v). Calculate q(-15).
-6
Suppose 0 = -4*h, 6 = 3*s + 5*h - 0. Let a(v) = 29*v + 30*v + 2*v**2 - v**s - 54*v + 3. Calculate a(-5).
3
Suppose 64*g - 53*g - 429 = 0. Suppose -20*s + 41 = -g. Let m(f) = f**2 - 4*f - 3. Calculate m(s).
-3
Let f(t) = 14*t + 38. Suppose o - 30 = 5*m, 8 = 4*o - 161*m + 157*m. Calculate f(o).
-32
Let o(b) = b + 5. Let m(g) = g**3 - 11*g**2 - 14*g + 22. Let c be m(12). Let y be (c - (-7)/3)/(2/(-24)). Calculate o(y).
1
Suppose -5*b = 5, -4*q + 6*b = 4*b - 10. Let x(t) = t**2 - 2 - 2*t**2 - q*t**2 + 2 + 1. Let k be ((-1)/(-2) - 0)*2. Calculate x(k).
-2
Let l(c) = -2*c**3 - 37*c**2 + 20*c + 18. Let t be (-12)/42*18354/276. Determine l(t).
-1
Let a(o) be the first derivative of o**2 - 85. Suppose -199*q + 172*q + 243 = 0. Calculate a(q).
18
Let l = -88 - -93. Let t(p) = 5*p**2 - 5*p - 13. Let h(g) = -6*g**2 + 6*g + 13. Let m(j) = 4*h(j) + 5*t(j). Give m(l).
7
Let f(u) = -142*u + 1 + 4 - 11*u**3 + 18*u**2 - 4*u**3 + 102*u + 16*u**3. Calculate f(-20).
5
Let b(f) = f**2 - 4*f + 2. Let q = -306 - -311. Suppose 0 = -j - 3, 3*j + 35 = q*v - 2*j. Give b(v).
2
Let c = -5612 - -5613. Let j(u) = 2*u**3 + 2*u**2 - 2. Determine j(c).
2
Let t(f) = 1 - f + 0*f - 3. Let y(l) be the first derivative of 21*l**2/2 + 25*l - 69. Let p be y(-1). What is t(p)?
-6
Let c be 382/35 + 34/119 + 463/(-2315). Let t(f) = 0*f + 19 - 5*f**2 - 2*f + f**3 - 6*f**2. Determine t(c).
-3
Let c(w) = w**2 - 3*w + 11. Let s = 45 - 40. Suppose 2*d - 3 = s. Let p(q) = -q**2 + 2*q - 12. Let y(f) = d*p(f) + 5*c(f). Determine y(7).
7
Let v(g) = 35 + 8*g + 9 - 3 + 45. Determine v(-11).
-2
Let s(n) be the first derivative of 205 + 9*n**2 - 5*n + 0*n**2 - 7 - 13*n**2 + 10*n**2. Give s(2).
19
Let f(y) = -y**2 - 18*y - 43. Let w(p) = 2*p**2 + 33*p + 81. Let o(z) = 11*f(z) + 6*w(z). Determine o(6).
49
Let k(n) = n**2 - 8*n + 3. Let v be (0 - -5) + -11 + -212. Let b = v + 224. Calculate k(b).
-9
Let i(d) = d**2 - 5*d + 4. Let c(g) = -g**3 + 7*g - 4. Let t be c(3). Let w(a) = a**2 + 13*a + 36. Let f be w(t). What is i(f)?
10
Let g(x) = 46*x - 32. Let t(p) = -34*p + 26. Let c(r) = -3*g(r) - 4*t(r). Let o be 50/6 + (-2)/(-3). Let f = o + -16. Give c(f).
6
Suppose 0 = t + 3*t - 8, 5*x - 4*t = 37. Let h(b) be the first derivative of b**2/2 - 8*b - 38995. What is h(x)?
1
Let t(j) = j**3 + 9*j**2 + 7*j + 10. Suppose 0 = 20*w - 9 - 111. Let s be (5 - (7 - w))/((-2)/4). Calculate t(s).
18
Let i(v) be the first derivative of -7*v**4/24 - 4*v**3/3 + v**2 - 2*v - 60. Let d(m) be the second derivative of i(m). Give d(-6).
34
Suppose 13*b - 27 + 66 = 0. Let d be -1*1*(-1)/b*0. Let u(c) = 2*c - 6. Determine u(d).
-6
Let y = 154 + -139. Let n(a) = y + 17 - 23 + a. Give n(-10).
-1
Suppose -10*b = -17*b + 25*b - 36. Let t(y) be the third derivative of 0 + 1/3*y**3 + 1/24*y**4 + 0*y - 1/10*y**5 + 3*y**b + 1/120*y**6. Determine t(5).
-18
Let o(i) = 12*i + 17. Let f be (-1 - -3)/(-4 + 10 + -8). Let m be o(f). Let g(x) = 4*x. Determine g(m).
20
Let q(w) be the first derivative of -w**2/2 - 2*w - 38. Suppose -27*x = -29*x + 10. Calculate q(x).
-7
Let z(m) = 3*m**3 + 24 + 19 + 2*m - 46 + 24 - 26 - 30*m**2. Calculate z(10).
15
Let j(b) = -b**2 - 7*b + 5. Let a(y) = -1. Let i(s) = a(s) + j(s). Suppose 19 - 54 = 5*z. Give i(z).
4
Suppose c = -20*x + 17*x + 9, -c = -2*x - 24. Let t(q) = q**3 - 19*q**2 + 23*q - 94. Calculate t(c).
-4
Let b = 763 - 761. Let q(i) = -b*i - 936 - 936 + 1862. Give q(8).
-26
Let b(m) = -1152*m + 2347*m - 1196*m. Give b(-25).
25
Suppose 4*w - 2*w = -2*i + 4, 11 = 2*w - 5*i. Let o(a) = 23926 - 23940 - a - 3*a + w*a. What is o(0)?
-14
Let h(k) = 14*k**2 - 5*k - 4. Let i(g) = -30*g**2 + 16*g + 9. Let c(b) = -b. Let w(p) = -6*c(p) - i(p). Let x(t) = -13*h(t) + 6*w(t). Give x(4).
-14
Let t = 31 - 13. Suppose 0 = 2*m + t - 22. Let x(l) = -8*l**3 + 7*l**3 + 7*l**2 + 0*l - 6 - m*l**2 - 4*l. Calculate x(5).
-26
Suppose l - 3*a - 10 = -12, -5*a = l - 6. Let c(p) = -5 + 4*p - 1 - 1 + 8. Calculate c(l).
5
Let u(p) = 2*p - 5. Let t(i) = -22*i + 9. Let k(s) = -t(s) - 6*u(s). Determine k(-5).
-29
Let l(p) = -p**2 - p + 28. Let j(s) = 2*s**2 + 3*s - 142. Let a(m) = -j(m) - 5*l(m). Calculate a(-2).
10
Let m(c) be the third derivative of 1/20*c**5 - 45*c**2 + 0 - 1/6*c**4 + 1/3*c**3 + 0*c. Give m(3).
17
Let m(i) = -24*i + 61. Let u = 9150 + -9148. Give m(u).
13
Let p(x) = -4*x - 2. Let m(w) = 43 - 25 - 17. Let g(f) = 2*m(f) - p(f). Calculate g(-4).
-12
Let m(p) = 4*p**2 + 4*p - 37. Let t(i) = -3*i**2 - 3*i + 36. Let w(f) = -2*m(f) - 3*t(f). Calculate w(0).
-34
Let o(d) = -10*d + 15. Let r(l) = 5*l - 8. Let w(y) = 4*o(y) + 9*r(y). Let q(a) = 2*a + 1. Let m(n) = -q(n) + w(n). Determine m(6).
5
Let z = 17654 + -17658. Let f(p) = -p**3 + 2*p**2 + 26*p + 8. Give f(z).
0
Let m(p) = 0*p + 0*p - 5818 + 5809 - p. Suppose 0 = -11*b - 55 - 22. What is m(b)?
-2
Let i(x) be the third derivative of -x**6/360 - x**5/120 + 49*x**4/24 - 48*x**2 + 2*x. Let u(j) be the second derivative of i(j). Calculate u(2).
-5
Let p(g) = g + 17. Suppose -15 = -6*y - 87. Let n be p(y). Let r(k) = 2*k**2 - k - 2. Let i(s) = -3*s**2 + s + 3. Let z(q) = n*r(q) + 3*i(q). Calculate z(2).
-1
Let a(q) = -87*q**3 + 256*q**3 - 88*q**3 - 82*q**3. Give a(-2).
8
Let j be 1/15*5*33. Suppose -33 = -3*p - 0*p. Let n(l) = -18 + j + p - l. Determine n(6).
-2
Let t(h) = -2*h + 2. Let l = -26 - -36. Let v(x) = x**3 - 11*x**2 + 14*x - 4. Let m be v(l). Suppose 0 = -4*j + 4*s + m, 39 = 7*j - 2*j - 3*s. Calculate t(j).
-10
Let y(j) be the third derivative of 82*j**2 + 1/120*j**6 + 1/4*j**4 - 7/60*j**5 + 1/6*j**3 + 0 + 0*j. What is y(5)?
-19
Suppose -3*z + 74 = -4*l, 0 = 2*z - z - 3*l - 33. Let o be (z/(-15))/(12/(-20)). Let p(k) = 2*k**3 - k**2 - 2*k + 3. Give p(o).
11
Let y(r) = -3403*r - 3. Let i(k) = -378*k + 1. Let v(s) = -9*i(s) + y(s). Let z be (-44)/6 + (-2)/(-6). Calculate v(z).
-5
Let r(h) = -5*h**2 - h. Let z = 4265 - 4261. Determine r(z).
-84
Let y(f) = -f**3 - f**2 - f - 3. Let r be y(-2). Let i(k) = -1 + 5*k**2 + k + 2*k**3 + r*k + 4 - 4*k**2. Let b be i(-1). Let d(g) = -2*g**2 - g - 1. Give d(b).
-7
Let b(a) be the third derivative of 1/12*a**4 + 2 + 9/2*a**3 - 3*a**2 + 0*a. Give b(-14).
-1
Let o(k) = -2*k**3 - 1. Let p(l) be the third derivative of 0*l + 5/24*l**4 + 1/2*l**3 + 1/60*l**5 + 0 - 8*l**2. Let y be p(-4). Determine o(y).
1
Let f(y) = -6 + 3*y + 0*y + 2*y. Let a be 6/(-4)*208*5/(-10). Let z = -151 + a. Calculate f(z).
19
Let q(y) = 36*y**3 + 4*y**2 + 21*y + 8. Let c(f) = 29*f**3 + 4*f**2 + 18*f + 7. Let d(i) = -5*c(i) + 4*q(i). Calculate d(-4).
21
Suppose -3*v = -5*b + 1 + 9, -4*b + v + 8 = 0. Let o(z) = -z**3 + 30*z**2 - 1 - b*z - 27*z**2 + 6*z. Let g be 1 - (-2 - -2) - -3. Calculate o(g).
-1
Let i(a) = -a**3 + 30*a**2 + a - 24. Let t = -185 - -215. Let f be i(t). Let x(d) = 3*d + 3. What is x(f)?
21
Let t(l) be the first derivative of l**6/60 + l**5/60 + l**3/6 - 2*l**2 + 8*l - 41. Let o(i) be the second derivative of t(i). Give o(-2).
-11
Let x(z) = -13*z - 10. Let u be 16/14 - 1066/(-574). Calculate x(u).
-49
Suppose 355*u = 360*u + 3*c - 18, -30 = -3*u - 5*c. Let q(i) = -4*i - 15. Give q(u).
-15
Let d(k) = 3 - 52 - 6 + 0 + k. Determine d(24).
-31
Let a be 18/33 + (-543)/(-33). Suppose -40 = 9*i - a*i. Let y(u) = -7*u + 11. Let r(w) = 8*w - 12. Let z(l) = 4*r(l) + 5*y(l). Calculate z(i).
-8
Let s be 2/(-1 + (-9)/(-15)). Let q be (-50 + 5)/s + -2. Let z(l)